909578.
2, 3, 37, 61, 241, 599
List the prime factors of 54587857.
839, 65063
List the prime factors of 649484555.
5, 129896911
List the prime factors of 105773218.
2, 17, 47, 66191
List the prime factors of 6103178161.
61, 83, 1205447
What are the prime factors of 4506486923?
127, 35484149
List the prime factors of 66206506.
2, 71, 466243
What are the prime factors of 500418630?
2, 3, 5, 17, 327071
What are the prime factors of 76734976?
2, 149873
What are the prime factors of 25092379?
13, 23, 83921
List the prime factors of 48047531.
7, 41, 167413
List the prime factors of 131460056.
2, 7, 13, 359, 503
List the prime factors of 22357346.
2, 11, 17, 59779
What are the prime factors of 418881053?
6529, 64157
List the prime factors of 964151615.
5, 7, 31, 127, 6997
What are the prime factors of 107795944?
2, 227, 59359
What are the prime factors of 368925495?
3, 5, 607, 40519
List the prime factors of 107294110.
2, 5, 7, 11, 139343
List the prime factors of 83191242.
2, 3, 13865207
What are the prime factors of 1229174670?
2, 3, 5, 41, 999329
List the prime factors of 3833755.
5, 17, 23, 37, 53
What are the prime factors of 1229621599?
1229621599
List the prime factors of 1060133840.
2, 5, 1307, 10139
What are the prime factors of 22112456?
2, 2764057
What are the prime factors of 851567991?
3, 41, 61, 113497
What are the prime factors of 2898836552?
2, 101, 3587669
What are the prime factors of 97558469?
887, 109987
What are the prime factors of 49074563?
17, 79, 36541
What are the prime factors of 797743349?
13, 101, 607573
What are the prime factors of 7262349?
3, 17, 157, 907
What are the prime factors of 2012409846?
2, 3, 4140761
What are the prime factors of 38182150?
2, 5, 37, 20639
What are the prime factors of 3878559295?
5, 13, 4590011
List the prime factors of 1442134969.
11, 719, 182341
What are the prime factors of 26131499?
17, 1537147
List the prime factors of 602088979.
602088979
List the prime factors of 33084013.
5639, 5867
List the prime factors of 1049568540.
2, 3, 5, 53, 330053
List the prime factors of 436826137.
11, 39711467
List the prime factors of 54129073.
109, 631, 787
List the prime factors of 8335454678.
2, 61, 68323399
What are the prime factors of 58293448?
2, 7286681
What are the prime factors of 174096119?
174096119
What are the prime factors of 167732496?
2, 3, 173, 6733
What are the prime factors of 463394609?
89, 5206681
List the prime factors of 62066298.
2, 3, 7, 1477769
List the prime factors of 184396888.
2, 13, 23, 127, 607
What are the prime factors of 7626594927?
3, 7, 17, 19, 1124369
List the prime factors of 261832458.
2, 3, 73, 677, 883
What are the prime factors of 331891251?
3, 131, 844507
What are the prime factors of 213201271?
41, 1499, 3469
What are the prime factors of 128771087?
128771087
List the prime factors of 83376313.
17, 19, 258131
List the prime factors of 1019869935.
3, 5, 7, 19, 511213
What are the prime factors of 88813051?
23, 29, 133153
What are the prime factors of 856940649?
3, 73, 709, 5519
What are the prime factors of 3667865103?
3, 7, 29, 2007589
List the prime factors of 117796791.
3, 7, 17, 181, 1823
List the prime factors of 5506434982.
2, 2753217491
List the prime factors of 3625291183.
61, 547, 108649
What are the prime factors of 115604037?
3, 19, 225349
What are the prime factors of 772365284?
2, 17, 1009, 11257
What are the prime factors of 2702691916?
2, 131, 163, 31643
List the prime factors of 781877942.
2, 53, 7376207
What are the prime factors of 1811313257?
13, 139331789
What are the prime factors of 2574000990?
2, 3, 5, 11, 31, 9319
What are the prime factors of 258409295?
5, 37, 83, 16829
List the prime factors of 1994796041.
7, 271, 1051553
What are the prime factors of 2932219?
29, 101111
List the prime factors of 4017593634.
2, 3, 669598939
List the prime factors of 6913913816.
2, 8971, 96337
List the prime factors of 2053642.
2, 439, 2339
List the prime factors of 11826994.
2, 5913497
List the prime factors of 115181709.
3, 31, 1097, 1129
What are the prime factors of 634186803?
3, 1117, 189253
What are the prime factors of 4070811115?
5, 7, 116308889
List the prime factors of 153457801.
7, 1009, 21727
What are the prime factors of 177953991?
3, 269, 220513
What are the prime factors of 155000039?
155000039
List the prime factors of 562688731.
11, 281, 182041
List the prime factors of 6402999936.
2, 3, 2459, 6781
List the prime factors of 6271481.
431, 14551
What are the prime factors of 120975329?
120975329
What are the prime factors of 3903861880?
2, 5, 73, 1336939
List the prime factors of 2835887896.
2, 2837, 124951
What are the prime factors of 1573540977?
3, 524513659
What are the prime factors of 1851140692?
2, 462785173
What are the prime factors of 777133017?
3, 31, 2785423
List the prime factors of 385196903.
7, 13, 4232933
What are the prime factors of 69217271?
1637, 42283
What are the prime factors of 2594365154?
2, 1297182577
List the prime factors of 3872059669.
3872059669
List the prime factors of 7715799.
3, 7, 13, 9421
List the prime factors of 43953279.
3, 17, 861829
What are the prime factors of 50910399?
3, 29, 131, 1489
List the prime factors of 511086868.
2, 227, 562871
What are the prime factors of 103253318?
2, 7, 557, 13241
List the prime factors of 1292632045.
5, 11923, 21683
What are the prime factors of 132639519?
3, 44213173
List the prime factors of 365115737.
7, 31, 1682561
List the prime factors of 4546203594.
2, 3, 757700599
What are the prime factors of 17090950?
2, 5, 17, 20107
List the prime factors of 38261304.
2, 3, 227, 2341
List the prime factors of 34250358.
2, 3, 23, 283, 877
List the prime factors of 40677142.
2, 11, 373, 4957
What are the prime factors of 261216433?
7703, 33911
What are the prime factors of 71964542?
2, 13, 43, 59, 1091
What are the prime factors of 403843284?
2, 3, 13, 862913
List the prime factors of 239419341.
3, 7, 37, 67, 73
List the prime factors of 49775662.
2, 137, 389, 467
What are the prime factors of 67473321?
3, 43, 523049
List the prime factors of 25385129.
7, 11, 329677
List the prime factors of 47231281.
47231281
What are the prime factors of 46144440?
2, 3, 5, 23, 5573
What are the prime factors of 733954859?
11, 281, 367, 647
What are the prime factors of 770743722?
2, 3, 7, 17, 1079473
List the prime factors of 316683585.
3, 5, 907, 7759
List the prime factors of 484096338.
2, 3, 11, 83, 1091
List the prime factors of 278847809.
73, 3819833
What are the prime factors of 940828113?
3, 104536457
What are the prime factors of 49204551?
3, 11, 41, 887
What are the prime factors of 351124072?
2, 13, 23, 181, 811
List the prime factors of 1370090581.
1370090581
What are the prime factors of 42930650?
2, 5, 7, 23, 5333
List the prime factors of 299708433.
3, 61, 545917
What are the prime factors of 267637197?
3, 89212399
List the prime factors of 75332539.
41, 1837379
List the prime factors of 43079557.
617, 69821
What are the prime factors of 382497891?
3, 47, 1453, 1867
What are the prime factors of 317314572?
2, 3, 103, 149, 1723
List the prime factors of 791452972.
2, 197863243
List the prime factors of 6812823290.
2, 5, 7, 13, 1069517
List the prime factors of 19562315.
5, 3912463
What are the prime factors of 45417834?
2, 3, 7, 11, 331
List the prime factors of 48565312.
2, 37, 20509
List the prime factors of 2211084375.
3, 5, 235849
What are the prime factors of 29898225?
3, 5, 7, 41, 463
What are the prime factors of 671419943?
671419943
List the prime factors of 13355179.
677, 19727
What are the prime factors of 2885760028?
2, 241, 2993527
List the prime factors of 1337307560.
2, 5, 33432689
List the prime factors of 2944534.
2, 37, 39791
What are the prime factors of 23984799?
3, 107, 74719
List the prime factors of 1817073012.
2, 3, 281, 538871
What are the prime factors of 488044276?
2, 122011069
List the prime factors of 1403022437.
6761, 207517
What are the prime factors of 35825052?
2, 3, 17, 151, 1163
List the prime factors of 251121526.
2, 53, 2369071
What are the prime factors of 96041366?
2, 167, 287549
List the prime factors of 135369660.
2, 3, 5, 79, 28559
List the prime factors of 31330010.
2, 5, 83, 37747
List the prime factors of 826873634.
2, 4134368